7 - 52).
55
Evaluate -8 + (11 + (-18 - -2) - -4).
-9
What is -4372 - -4519 - (0 - 0 - -6 - -4)?
137
Evaluate -41 - -68 - 7 - 31.
-11
Calculate 22 - (49 - (87 + -49)).
11
Calculate 6 + (0 - (-32 - -18) - (0 - 92) - 9).
103
What is the value of 12 + 26 + -25 - -11 - (13 + -1)?
12
-3777 + 3782 + -1 + -1 + 0 - -31
34
Evaluate ((244 - 218) + 1 + -6 - 37) + -89.
-105
What is the value of -32 + (-31 - -26) + 22 + 89 + 2?
76
(33 - 99 - -68) + -47 + (-1 - 0)
-46
(41 - 12) + (32 - 71)
-10
10 + 77 + -22 + 18 + -5
78
Evaluate 43 + -43 - 10 - -19.
9
Evaluate (1 - 33) + (-24 - -44 - 24 - -17).
-19
What is the value of 1086 + -1068 - ((3 - 3) + 73)?
-55
Calculate (68 + 124 - -2) + -156.
38
Calculate -1 + -8 + 234 + -232 - -14.
7
46 + (4 - (-5 - -22)) + 31 + -18
46
What is the value of (36 - -47) + -62 - (50 - (-3 + 3))?
-29
Calculate -2 + 5 + -1 + -12 + -20 + -21 + -1.
-52
Calculate -100 + 16 + 837 + -654.
99
What is the value of -23 - -11 - (-350 + 377)?
-39
-2197 - -2210 - (77 + -2)
-62
Calculate -155 - -135 - (-72 + -22).
74
What is -6 - (-8 + 0 + (281 - 282) + 52 + 2)?
-51
Evaluate -346 + 197 + -80 + 115.
-114
2265 + -2286 - (68 + 0)
-89
Evaluate -40 + 11 - (4 - 34) - -7.
8
-198 - -211 - (-92 + (14 - 30))
121
What is 2 - (-31 + 13 + 8) - -22?
34
Evaluate 1 + (-2 - 17) + 3153 + -3157.
-22
What is (-142 - -139) + (-19 - 19 - (-6 + 0))?
-35
What is the value of (2 - 3) + -2 + (-10 - 15) - (5714 - 5714)?
-28
Calculate (-2 - -17) + (-3 - -1 - (-545 + 539)).
19
What is the value of (14 - -4) + -20 + (-40 - -31)?
-11
Calculate -49 - (119 + -150) - (36 - 0).
-54
Calculate (-58 - (2 + -75)) + (-1 - 162).
-148
What is (123 + 20 - 135) + 0 + 1?
9
Calculate (267 + -266 - (12 - 1 - 0)) + 6 + -5.
-9
Evaluate (24 + -25 - 14) + 63 + -5.
43
Evaluate -4 - (-12 - -6) - (-62 + (-11 - -6) - 11).
80
What is -35 + (6 - (-26 - 25))?
22
What is the value of (4 - (-4 - 6)) + (-215 - -207) + -71?
-65
Calculate (-206 - -23) + (115 - 2).
-70
98 + -100 + -22 + 6 - (30 + -1)
-47
Evaluate -87 + -15 + 0 - (-77 - -50).
-75
What is -557 + 556 + (3 + 1 + 0 + -3 - -6)?
6
-15 - ((3 - (0 - 2)) + (-42 - -48))
-26
Calculate -25 + (50 + -65 + 11 - (-17 + 0)).
-12
What is the value of -6 + 3 + 16 - ((8 - -4) + 7)?
-6
What is the value of (-19 + -11 - -37) + (2 - 5)?
4
What is the value of -32 - (0 + (41 - 42) + (2 - -4))?
-37
What is (22 - -1 - -24) + 87 + -71?
63
Calculate (19 + -15 + 8 - 69) + 2.
-55
What is the value of (7 - -4) + (-59 + (-1 - (-1 + 9)) - 8)?
-65
What is the value of -12 + -34 - -36 - 8?
-18
What is 92 + (55 - 51) - 100?
-4
What is -1 + 118 - (-1246 - -1315)?
48
-9 + (116 - (16 + -5 + 5)) - -1
92
Calculate (-1 - 0 - 23) + (5 - -21) + -128 + 98.
-28
Evaluate -2 + -4 - (8 + -12 + -57).
55
Calculate -25 + -1 + (-301 - -236).
-91
112 - ((1 - 5) + 1) - (345 + -368)
138
Evaluate 44 - (49 - (-50 - -73)) - (-15 + -1).
34
What is -1 + (-9 - -1) + (101 - 157) + 54 + -39?
-50
What is the value of 6 + -20 - (37 + (16 - -4))?
-71
1166 + -1132 - (-2 - -10)
26
Evaluate -11 + -4 + (-3 - -1) - (-37 + 24).
-4
Calculate 9 - 1 - ((4 - 6) + 21 + -23).
12
Evaluate 19 + (26 - 55) + (3 - -26).
19
What is (-15 - (43 + -101)) + 8?
51
What is 154 + (-61 - -8) - -43?
144
15 + -10 - 17 - (66 + -85 + 50)
-43
Evaluate -10 - (68 + (-3 - 0 - -10) + 3).
-88
What is (184 - 272) + (14 - -3)?
-71
Calculate -55 - ((7 - ((13 - (24 + -6)) + 8)) + -3).
-56
Calculate (-60 - (9 - 65)) + -33.
-37
Evaluate 2 + 0 - ((-9 - (2 - -7)) + 3).
17
Calculate 24 + (-1 - -7 - (-10 + 22)) + 0 + -8.
10
What is (-1 - (6 + 2)) + (23 - (10 - 33))?
37
Evaluate 32 + (2 - (53 - (-17 - 10))).
-46
What is the value of -188 + 110 + 78 + 11?
11
What is 75 - 0 - (-9 + 32 + -34 - 1)?
87
What is -46 - (19 + -5 + -62)?
2
What is -43 + -2 - (-81 + 41)?
-5
What is the value of -79 - (94 + (-39 - 52))?
-82
What is the value of -8 + 0 + -3 + 78 + (44 - 60)?
51
(-12 - -53 - (14 - -12 - 17)) + (3 - 0)
35
Evaluate 2250 + -2366 + 25 + 5.
-86
Calculate (-16 + (174 - 194 - (-1 - 15)) - -15) + 131.
126
What is the value of -5 + 6 + (-1 - (-11 - -7) - (3 + -2))?
3
What is (-4 - (-1 + 9)) + -1036 + 1047?
-1
91 + -128 + 2 - (-1 - -18)
-52
44 - (19 - 10) - (-4 + -17 + 14)
42
(79 + -55 - 28) + -30
-34
Evaluate (55 + -12 - 18) + -24.
1
What is ((0 - 7) + 6 + 0 - -42) + -4 - 4?
33
Evaluate 53 + -34 + 14 + -41.
-8
What is the value of 90 - (136 - 83 - -5)?
32
What is the value of 43 + (24 - 8) - (12 - 7)?
54
-105 - (46 - 189) - -9
47
3965 + -4020 + 19 + 0
-36
Evaluate -2 + -1 - (16 - 0) - (28 + -47).
0
-24 + 128 + 17 + -21
100
Calculate 30 + (-8 - 36) + 3 + -73.
-84
What is the value of -18 + (-13 - 4) - -1 - -146?
112
Calculate -137 + (96 - -115 - 111).
-37
Calculate 9 + (-12 - -34) - 22 - 0.
9
Calculate -13 + -120 + (-928 - -1123).
62
Calculate 9 - ((-4 - -32) + -18).
-1
Evaluate -7 - -21 - 14 - -22 - 60.
-38
What is 8 + 88 - (-73 - -85)?
84
Calculate -15 + 1 + -18 + (5 - 16) + 15 + 10.
-18
0 - (-2 - 8) - (-14 + 16 + -20)
28
30 + (7 - (8 + (8 - 8))) + -15
14
What is (5 + 0 - (11 - (-37 - -63))) + 10?
30
(50 - (89 + -43)) + -20
-16
What is the value of -17 - ((-48 - 2) + 1 + 5)?
27
Calculate 2 + 6 + 44 + (-1 - -1) + -6.
46
Calculate (-2 - 36) + (-22 + -7 - (-55 - -28)).
-40
Evaluate 28 + -26 + -19 + -3 + 11.
-9
-6 - (-12 + 1 - (-15 - (-21 + 37 - 19)))
-7
What is the value of -22 + 12 + 24 + 2?
16
16 - (-23 + (40 - (13 + 13)))
25
Calculate (3 + -16 - (0 - -3)) + 24 - (-3 - 34).
45
What is the value of -456 - -408 - (-33 - -51)?
-66
What is 23 - (75 + -32 - (-10 + -3))?
-33
What is the value of 76 + -67 - (10 - (40 + -3))?
36
Calculate 5459 + -5462 + 0 + -69.
-72
What is (8 + 36 - 19) + 59 + -71?
13
5 + 9 + -46 - (170 + -177)
-25
What is (-2 - 14) + -3 + (-384 - -408)?
5
Calculate 1 - 15 - ((-4 + 19 - 14) + -3).
-12
Calculate (103 - (17 + 33 + -31)) + 5.
89
Evaluate -39 + (54 - -64) + -53.
26
Evaluate 10 - (40 - 23 - 2) - 3.
-8
(-11 - (-19 - -16)) + -29 - (1 - 2) - -9
-27
What is the value of (20 - (11 - (-28 - -14))) + -18?
-23
Calculate 1520 + -1649 - (-72 + 3).
-60
(19 + (22 - 25) - 23) + 0
-7
Evaluate 23 - 63 - (-2 + -1 - -8).
-45
Evaluate -6 + 8 + -2 + (-33 - -30 - (-1 - 48)).
46
17 - (5 - 61) - (-10 + 40 + -9)
52
Evaluate -4 + -1 - ((23 - (-6 + 23 - -27)) + -11).
27
What is the value of (-19 - 15 - -5) + -14 + 29?
-14
What is 9 - (12 + -1 - (41 + -25 - 0)) - -93?
107
What is 6 + 0 - ((-25 - -12) + 48)?
-29
Evaluate (-619 - -593) + -1 + 38.
11
What is -5 + -5 + (23 + -13 - -3) + -6 + 2?
-1
What is the value of -36 + (-12 - (-2 + -28 - (-25 + 15)) - 5)?
-33
Calculate 26 - 0 - (121 + -40 + -73).
18
Evaluate -8 - (-5 - 3) - (-4 - 3 - -1).
6
6 - (-6 + (7 - 14 - -13))
6
Evaluate -5 + (-53 - ((6 - (8 + -1)) + 3)).
-60
-332 + 465 + -136 - ((4 - 2) + (-1 - -7))
-11
Evaluate (13 - 8) + -8 - (-5 - -12) - 14.
-24
What is the value of 53 - (-19 + (22 - -49))?
1
46 + (-190 + 69 - -56)
-19
What is 48 + -4 - (115 - 82)?
11
What is 1 + 49 + 5257 + -5335?
-28
-6 - (-27 + (-20 - -25))
16
What is (62 - (49 - 0)) + (6 - 75)?
-56
What is -10 + (28 - 0 - 9) + (0 + -4 - 29)?
-24
Evaluate -14631 + 14635 - (-1 + -85).
90
What is the value of (1 - 36) + (-29 + (17 - 10) - (5 - 14))?
-48
Calculate 65 - (-28 - -52) - 54.
-13
Calculate 5 + (7 - (83 - 28)).
-43
Calculate 19 + (1 - -13) + -39 + 1 + 76.
71
What is the value of -73 + 46 + 18 + (1 - -21)?
13
What is 17 + (7 - -27 - 83)?
-32
49 - (-102 - (32 + -92))
91
Calculate -23 + -2 + (-11 - -14 - (-1 + (-7 - -7))).
-21
Calculate (-2 - -20 - (-41 - -50)) + 28.
37
What is the value of (-4 - -11 - 43) + 11 + 126?
101
3 - (10 - -68) - (151 - 151)
-75
Evaluate -5 + 2 + 42 + -47 + 6.
-2
What is the value of (67 + 23 - 29) + 15 + -29?
47
What is the value of 2 + 78 - (6 - ((-94 - -104) + (0 - 10)))?
74
Evaluate (-13 - (10 + 7)) + 53 - 93.
-70
Evaluate 13 - 20 - ((-45 - -71) + -8).
-25
Calculate (-2 - -13) + (365 - 382).
-6
What is the value of 3 - (6 + -6) - 4 - (22 - (-19 + 12))?
-30
Evaluate 3 + -1 + 1 + -1 + -56 + 122.
68
What is the value of 3477 + -3405 - (-3 - -100)?
-25
What is the value of -20 + (2 + -1 - (-11 + 79 + -76))?
-11
Evaluate 6 - (5 + 6 + 0 - 6) - -44.
45
What is the value of (-62 - -49) + (-7 + 49 + 5 - -4)?
38
What is the value of 0 + -27 + (0 - 0) + (4446 - 4457)?
-38
(-73 - (-162 - -95)) + (-1 - -37) - 23
7
What is the 